**6/120 + j**5/10 - j**4/6 - j**3 - 18*j**2. Let h be (-260)/(-52) + (-1 - 2 - (6 - 9)). Calculate n(h).
-1
Let x(m) = -36*m + 4. Let q = 2355 - 2354. Give x(q).
-32
Let p(y) = -y**3 - 14*y**2 + 26*y + 358. Suppose -488*m = -402*m + 1204. What is p(m)?
-6
Let h(d) = -3*d**2 + 102*d + 3694. Let p be h(-22). Let i(z) = -42*z - 40. What is i(p)?
44
Let y(l) be the third derivative of l**7/630 - l**5/120 + l**4/12 - 7*l**3/6 + 13*l**2. Let u(w) be the second derivative of y(w). Determine u(1).
3
Let u(y) = -5. Let b(r) = -r - 5. Let h(s) = -2*b(s) + 3*u(s). Let q(p) = p + 7*p**2 + 1 + 0*p**2 - 5*p**2 + 2*p**3 - 2*p. Let k be q(-2). Give h(k).
-15
Let k(h) = 3 + 13 + 4 - 3*h**2 + 18*h + 7*h. Give k(9).
2
Let l(t) = 7*t - 2. Let p(j) = 1. Let o(b) = l(b) + 3*p(b). Let z be (1 - 4 - 1)/((-36)/189). Suppose z*q + 81 = -6*q. Determine o(q).
-20
Suppose -3*l = -2*f + 7, 4*f - 2*l = -2*f. Let s be (35/140)/(f/4). Let g(c) = 22*c. Calculate g(s).
-22
Let d(c) = -2*c + 8 - c + 4*c. Suppose 6*f = 2*f - 192. Let j = f + 43. What is d(j)?
3
Suppose -h - h = 4, s + 3*h = -181. Let w = s - -117. Let f = w + 55. Let d(z) = -z**2 + 2*z + 2. Determine d(f).
-13
Suppose 63 + 6 = -27*t + 4*t. Let j(k) = -14*k + 13. Determine j(t).
55
Let p = 8594 + -8576. Let i(x) = x**3 - 16*x**2 - 34*x - 23. Give i(p).
13
Let a(j) = -12*j**2 - 57*j + 6. Let o(y) = -4*y**2 - 21*y + 2. Let q(g) = 3*a(g) - 8*o(g). Determine q(1).
-5
Let v(f) = 4*f**2 + 16*f + 90. Let l(g) = g**2 + g + 4. Let x(k) = 3*l(k) - v(k). Determine x(-11).
-56
Let q = -634 - -636. Let j(u) = 10*u**3 - 35 + 2*u**3 - u**2 - q*u + 18 + 19 - 11*u**3. Give j(1).
0
Let t(x) = -x**2 + 2. Let z(i) = -2 + 8*i - 9*i + 2. Let b(j) = t(j) - 3*z(j). Suppose 3*s + 10 = 22. Determine b(s).
-2
Let g(a) = 10*a. Let q = 19 + -14. Suppose -u + q*u = 16. Suppose -6*x + 2 = -u. Give g(x).
10
Let w(j) be the third derivative of -5*j**4/12 + 115*j**3/6 - 5*j**2 + 20*j. Calculate w(11).
5
Let y = -8188 + 8194. Let q(z) = -2*z**2 + 2. Let a(l) = -l. Let o(m) = m**2 + 3*m - 1. Let j(d) = -4*a(d) - o(d). Let n(s) = 3*j(s) - q(s). Calculate n(y).
-17
Let z(m) = 5*m**2 + 3*m - 1. Let w(k) = -2*k**2 - 4*k. Let b(q) = -3*q**2 - 4*q. Let n(i) = -5*b(i) + 4*w(i). Let g(x) = 2*n(x) - 3*z(x). Give g(-5).
-17
Let x be (1080/28)/9*7/2. Let l(i) = -5 - x*i + 27*i - 14*i. Give l(-4).
3
Let m(h) be the second derivative of -11*h**3/6 - 4*h**2 + 3584*h. What is m(-6)?
58
Let w(c) = 538*c + 13463. Let s be w(-25). Let b(h) = 26*h - 340. Calculate b(s).
-2
Let s = -29 - -37. Suppose s*n = 313 + 647. Let k = -122 + n. Let p(r) = -2*r**2 + 2. Calculate p(k).
-6
Suppose -5*n + 2*n = 0. Let g(m) = -67*m**2 + m - 4. Let a(z) = -435*z**2 + 6*z - 26. Let v(t) = -2*a(t) + 13*g(t). Determine v(n).
0
Let s(t) = 12*t - 1 + 5*t + 5*t**2 + 34*t - t**3 - 52*t. Determine s(5).
-6
Let g(c) = -c - 3. Suppose 2*l - 4*j = 158 + 272, 0 = l - j - 218. Let m = l + -206. What is g(m)?
-18
Let a(j) = j**2 - 8*j - 30. Let v be a(-3). Let p(m) = -23*m + 68. What is p(v)?
-1
Let q(i) = i**3 - 25*i**2 - 26*i - 11. Let y = 2534 - 2508. Give q(y).
-11
Let f(v) = v - 27. Suppose 2*t = -4*c + 22, 3*c = 3*t + 20 - 8. Calculate f(c).
-22
Let z(o) be the first derivative of 1/2*o**2 - 15 - 1/20*o**5 + 1/6*o**4 - 1/2*o**3 + 5*o. Let a(w) be the first derivative of z(w). Determine a(2).
-5
Suppose -255 + 829 = -48*k - 242. Let u(h) = 4*h + 46. Give u(k).
-22
Let k(j) = 2*j + 1. Let v be k(-3). Let a(y) = y - 2. Let b(h) = -h + 4. Let o(q) = v*b(q) - 6*a(q). Calculate o(0).
-8
Let f(j) = 4 + 1635806*j**2 - 2*j - 3 - 1635801*j**2. Suppose 4 = u + 6. Give f(u).
25
Let r(g) = -2*g + 10. Suppose m - l - 6 = 0, l - 12 = -6*m + m. Suppose -u = m*v - 23, 7*u - 53 = 4*u - 5*v. What is r(u)?
-12
Let m(h) = h**3 + 21*h**2 + 23*h + 56. Suppose 384 = -60*f - 816. What is m(f)?
-4
Let h(p) = -p. Suppose 0 = 3*u - f - 13, u = -u + 3*f + 4. Let y be 1/(-2) - (-50)/4. Suppose -u*i + y - 2 = 0. Give h(i).
-2
Let c(f) = -3*f**3 - 2*f**2 + 15*f - 50. Let l be c(-6). Let t = l + -429. Let z(b) = -b**2 + 5*b + 9. Determine z(t).
-5
Suppose -n - 2*c - 127 = 218, -4*n + 5*c - 1341 = 0. Let s = 350 + n. Let o(k) = k - 13. What is o(s)?
-2
Let i(u) = -u**3 - 14*u**2 - 12*u + 19. Let s(c) = -c**2 - 49*c + 869. Let v be s(14). Determine i(v).
6
Let r(u) be the first derivative of -u**4/4 - 10*u**3/3 - 13*u**2/2 - 23*u - 2381. Determine r(-9).
13
Let u = 3485 - 3476. Let g(r) = 2*r**3 - 19*r**2 + 7*r + 8. Determine g(u).
-10
Let w(d) be the second derivative of -d**4/12 - d**3/6 - 11*d**2/2 - 1133*d + 1. Let x = 6 - 5. Let z be (-2 + x - -1)/(-2). What is w(z)?
-11
Suppose 5*w - 4*d - 51 = 0, -167*w - 3*d - 12 = -162*w. Let n(a) = a**3 - 3*a**2 - 4*a. What is n(w)?
-12
Let y(u) = 8*u - 9. Let v(s) = -15*s + 17. Let q(b) = -6*v(b) - 11*y(b). Suppose 0 = -k + 34 - 32. What is q(k)?
1
Let s(q) = -q + 2. Suppose 2*t + 2*g = 16, 8*t + 4*g = 3*t + 40. Suppose -15 = 3*h + 5*m + 6, 0 = 2*h - 4*m - t. Calculate s(h).
4
Let v(j) = 12*j**3 - 2*j - 1. Let h(m) = 47*m**3 - 11*m**2 - 14*m + 9. Let r(d) = -h(d) + 4*v(d). Give r(-10).
27
Suppose 5*l - 4 - 21 = 0. Suppose -7*w + l*w = 0. Suppose w*n = -r - n - 2, 5*r - 5*n = -10. Let t(a) = a + 2. Give t(r).
0
Let x(t) = 2*t**2 - 43*t + 55. Let o be x(20). Let d(k) = -k**2 - 14*k - 5. Determine d(o).
40
Let j be 2*(0/(-4 + 2) + 2). Let i(p) = 11*p + 5. Give i(j).
49
Let a(y) = 8*y + 1. Suppose -3*n + 19*w = 16*w + 27, w - 42 = 4*n. What is a(n)?
-87
Let z(s) = -2*s + 2. Suppose -5*g - 63 = 4*g. Let v(i) = 1. Let r(y) = g*v(y) + 2*z(y). What is r(-3)?
9
Let c(x) = 183*x - 633. Let p(d) = 67*d - 212. Let j(v) = -4*c(v) + 11*p(v). Calculate j(-34).
30
Let b(g) = g - 9. Let u(k) = 95*k**3 - k**2 - 3*k - 2. Let y be u(-1). Let d = 100 + y. Determine b(d).
-4
Suppose -k + 35 = -3*k + 3*u, -20 = 4*k + 4*u. Let f(b) be the first derivative of 3*b**2/2 + 26*b - 3. Let w be f(k). Let x(v) = -2*v**2 - 5*v + 2. Give x(w).
-10
Let s(l) = 2*l**2 - l**2 - 5115*l + 5109*l - 4. Determine s(9).
23
Let q(c) = -c**2 + 17*c + 4. Let t be 413/(-56) + 7 - (-920)/64. Give q(t).
46
Let i(v) = v**2 + 5*v + 6. Let d be ((-17)/34)/((-1)/(-6)). Let w be 5/((d + 1)/2 + 0). Calculate i(w).
6
Let c(g) = 17*g**2 - 17*g**2 + 8*g - 7 + 12*g - 6*g - g**2. Let w = -6 + 6. Suppose -4*n + 52 = -w*n. Give c(n).
6
Suppose 5*q + 25 = 0, 4*t + q = -156 + 643. Let l(s) = -t - 125 + 245 - 7*s - 7*s. Determine l(-3).
39
Let f = -34 - -64. Let r = -28 + f. Let w(q) = 3*q**2 - 3*q**2 - 67*q + 71*q + q**r + 5. What is w(-4)?
5
Let m = 5 + -1. Suppose 0 = -0*x + m*x + g - 6, -3*g = 6. Let z(b) = -155 + 155 - 230*b**2 + 229*b**2. What is z(x)?
-4
Let u(i) = -106*i**2 - 76*i**2 + 64*i + 270 - 99*i**2 + 280*i**2. Give u(-4).
-2
Let a(j) = 6*j - 13. Let k(v) = -9*v + 23. Let n(l) = 7*a(l) + 4*k(l). What is n(-1)?
-5
Let y(b) = -25*b**3 - 42*b**2 + 52*b + 34. Let i(o) = -94*o**3 - 169*o**2 + 207*o + 137. Let a(w) = 4*i(w) - 15*y(w). What is a(-47)?
-9
Let z be (-43)/(-45) + -1 - (-108852)/104220. Let k(t) = 2*t + 0 - 4*t**2 - t - 1. Calculate k(z).
-4
Let v(o) = -o**3 - o**2 + 3*o - 29. Suppose -l + 362*p = 359*p - 27, 4*l + 5*p = -45. Give v(l).
-29
Let c(x) = -17*x**3 + 3*x - 14. Let b be c(2). Let g = b - -139. Let t(r) = r**3 + 5*r**2 - 3*r + 2. What is t(g)?
17
Let o(l) = -22*l**3 + 7*l**2 - 7*l - 14*l**3 - 23*l**3 + 48*l**3 - 1 + 8 + 10*l**3. Let u be 3/(3/5) - 0. Give o(u).
22
Let g(s) be the second derivative of 5*s**3/2 + 63*s**2 + 2*s + 2176. Determine g(-9).
-9
Suppose 4*n = 8, 51*x - 5*n + 22 = 48*x. Let j(m) = m**3 + 7*m**2 + 8*m - 6. What is j(x)?
10
Let i(u) = 6*u. Let t(b) = b**3 + 4*b**3 - 1 - 9*b - 9*b**2 - 6*b**3 - 6. Suppose 4*w = 3*f - 0*f - 38, -2*w + 2*f - 20 = 0. Let y be t(w). Give i(y).
6
Let a(s) = -3*s**2 + s + 7. Let j(u) = 9*u**2 - 2*u - 21. Let r(b) = -17*a(b) - 6*j(b). Calculate r(2).
-15
Let p(a) = a**2 - 2*a + 36. Suppose -13 = 2*x + 5*z - 28, 0 = -x + 4*z - 12. Calculate p(x).
36
Let l(m) be the second derivative of 1/6*m**3 + 0 + 228*m + 21/2*m**2. Calculate l(-10).
11
Let x = -1433 - -1431. Let a(f) = -6*f**2 + f + 2. Calculate a(x).
-24
Let u(p) = 2*p**2 - 59*p - 89. Let z be u(31). Let g(q) = 12 - 5*q - 10 + z*q - 4. Suppose c - 4*w + 4 = -7, 3*w - 22 = -2*c. Determine g(c).
-7
Suppose -z + 2 